[INFO] cloning repository https://github.com/JLockerman/asm_sim
[INFO] running `Command { std: "git" "-c" "credential.helper=" "-c" "credential.helper=/workspace/cargo-home/bin/git-credential-null" "clone" "--bare" "https://github.com/JLockerman/asm_sim" "/workspace/cache/git-repos/https%3A%2F%2Fgithub.com%2FJLockerman%2Fasm_sim", kill_on_drop: false }`
[INFO] [stderr] Cloning into bare repository '/workspace/cache/git-repos/https%3A%2F%2Fgithub.com%2FJLockerman%2Fasm_sim'...
[INFO] running `Command { std: "git" "rev-parse" "HEAD", kill_on_drop: false }`
[INFO] [stdout] dae0f665c45e661accdcce0b820a0a865d773981
[INFO] checking JLockerman/asm_sim against master#9610dfe5a9a731ced1ea4923ecbd0c57fe367898 for beta-170-4
[INFO] running `Command { std: "git" "clone" "/workspace/cache/git-repos/https%3A%2F%2Fgithub.com%2FJLockerman%2Fasm_sim" "/workspace/builds/worker-7-tc1/source", kill_on_drop: false }`
[INFO] [stderr] Cloning into '/workspace/builds/worker-7-tc1/source'...
[INFO] [stderr] done.
[INFO] validating manifest of git repo https://github.com/JLockerman/asm_sim on toolchain 9610dfe5a9a731ced1ea4923ecbd0c57fe367898
[INFO] running `Command { std: CARGO_HOME="/workspace/cargo-home" RUSTUP_HOME="/workspace/rustup-home" "/workspace/cargo-home/bin/cargo" "+9610dfe5a9a731ced1ea4923ecbd0c57fe367898" "metadata" "--manifest-path" "Cargo.toml" "--no-deps", kill_on_drop: false }`
[INFO] started tweaking git repo https://github.com/JLockerman/asm_sim
[INFO] finished tweaking git repo https://github.com/JLockerman/asm_sim
[INFO] tweaked toml for git repo https://github.com/JLockerman/asm_sim written to /workspace/builds/worker-7-tc1/source/Cargo.toml
[INFO] crate git repo https://github.com/JLockerman/asm_sim already has a lockfile, it will not be regenerated
[INFO] running `Command { std: CARGO_HOME="/workspace/cargo-home" RUSTUP_HOME="/workspace/rustup-home" "/workspace/cargo-home/bin/cargo" "+9610dfe5a9a731ced1ea4923ecbd0c57fe367898" "fetch" "--manifest-path" "Cargo.toml", kill_on_drop: false }`
[INFO] running `Command { std: "docker" "create" "-v" "/var/lib/crater-agent-workspace/builds/worker-7-tc1/target:/opt/rustwide/target:rw,Z" "-v" "/var/lib/crater-agent-workspace/builds/worker-7-tc1/source:/opt/rustwide/workdir:ro,Z" "-v" "/var/lib/crater-agent-workspace/cargo-home:/opt/rustwide/cargo-home:ro,Z" "-v" "/var/lib/crater-agent-workspace/rustup-home:/opt/rustwide/rustup-home:ro,Z" "-e" "SOURCE_DIR=/opt/rustwide/workdir" "-e" "CARGO_TARGET_DIR=/opt/rustwide/target" "-e" "CARGO_HOME=/opt/rustwide/cargo-home" "-e" "RUSTUP_HOME=/opt/rustwide/rustup-home" "-w" "/opt/rustwide/workdir" "-m" "1610612736" "--user" "0:0" "--network" "none" "ghcr.io/rust-lang/crates-build-env/linux@sha256:19e73879b68f455e41552ea35293514db52ea292d993f571636dbffedb77a1ee" "/opt/rustwide/cargo-home/bin/cargo" "+9610dfe5a9a731ced1ea4923ecbd0c57fe367898" "metadata" "--no-deps" "--format-version=1", kill_on_drop: false }`
[INFO] [stdout] 97923e4bb08ffcd0ea25bd6b80c3ecb254e88d856dcbf8e268ea4310141e9f13
[INFO] running `Command { std: "docker" "start" "-a" "97923e4bb08ffcd0ea25bd6b80c3ecb254e88d856dcbf8e268ea4310141e9f13", kill_on_drop: false }`
[INFO] running `Command { std: "docker" "inspect" "97923e4bb08ffcd0ea25bd6b80c3ecb254e88d856dcbf8e268ea4310141e9f13", kill_on_drop: false }`
[INFO] running `Command { std: "docker" "rm" "-f" "97923e4bb08ffcd0ea25bd6b80c3ecb254e88d856dcbf8e268ea4310141e9f13", kill_on_drop: false }`
[INFO] [stdout] 97923e4bb08ffcd0ea25bd6b80c3ecb254e88d856dcbf8e268ea4310141e9f13
[INFO] running `Command { std: "docker" "create" "-v" "/var/lib/crater-agent-workspace/builds/worker-7-tc1/target:/opt/rustwide/target:rw,Z" "-v" "/var/lib/crater-agent-workspace/builds/worker-7-tc1/source:/opt/rustwide/workdir:ro,Z" "-v" "/var/lib/crater-agent-workspace/cargo-home:/opt/rustwide/cargo-home:ro,Z" "-v" "/var/lib/crater-agent-workspace/rustup-home:/opt/rustwide/rustup-home:ro,Z" "-e" "SOURCE_DIR=/opt/rustwide/workdir" "-e" "CARGO_TARGET_DIR=/opt/rustwide/target" "-e" "CARGO_INCREMENTAL=0" "-e" "RUST_BACKTRACE=full" "-e" "RUSTFLAGS=--cap-lints=forbid" "-e" "RUSTDOCFLAGS=--cap-lints=forbid" "-e" "CARGO_HOME=/opt/rustwide/cargo-home" "-e" "RUSTUP_HOME=/opt/rustwide/rustup-home" "-w" "/opt/rustwide/workdir" "-m" "1610612736" "--user" "0:0" "--network" "none" "ghcr.io/rust-lang/crates-build-env/linux@sha256:19e73879b68f455e41552ea35293514db52ea292d993f571636dbffedb77a1ee" "/opt/rustwide/cargo-home/bin/cargo" "+9610dfe5a9a731ced1ea4923ecbd0c57fe367898" "check" "--frozen" "--all" "--all-targets" "--message-format=json", kill_on_drop: false }`
[INFO] [stdout] d508adabbe42fe4304fab51a22c9e4943baf39078cfc6c9e7b227bad03243675
[INFO] running `Command { std: "docker" "start" "-a" "d508adabbe42fe4304fab51a22c9e4943baf39078cfc6c9e7b227bad03243675", kill_on_drop: false }`
[INFO] [stderr]     Checking asm_sim v0.1.0 (/opt/rustwide/workdir)
[INFO] [stdout] error[E0284]: type annotations needed
[INFO] [stdout]    --> src/sundries.rs:135:40
[INFO] [stdout]     |
[INFO] [stdout] 135 |         let res = *self + (rhs as i64).into();
[INFO] [stdout]     |                         -              ^^^^
[INFO] [stdout]     |                         |
[INFO] [stdout]     |                         type must be known at this point
[INFO] [stdout]     |
[INFO] [stdout]     = note: cannot satisfy `<sundries::int64 as std::ops::Add<_>>::Output == sundries::int64`
[INFO] [stdout] help: try using a fully qualified path to specify the expected types
[INFO] [stdout]     |
[INFO] [stdout] 135 |         let res = *self + <i64 as Into<T>>::into((rhs as i64));
[INFO] [stdout]     |                           +++++++++++++++++++++++            ~
[INFO] [stdout] 
[INFO] [stdout] 
[INFO] [stdout] error[E0283]: type annotations needed
[INFO] [stdout]    --> src/sundries.rs:135:40
[INFO] [stdout]     |
[INFO] [stdout] 135 |         let res = *self + (rhs as i64).into();
[INFO] [stdout]     |                         -              ^^^^
[INFO] [stdout]     |                         |
[INFO] [stdout]     |                         type must be known at this point
[INFO] [stdout]     |
[INFO] [stdout] note: multiple `impl`s satisfying `sundries::int64: std::ops::Add<_>` found
[INFO] [stdout]    --> src/sundries.rs:140:1
[INFO] [stdout]     |
[INFO] [stdout] 140 | impl Plus<int64> for int64 {
[INFO] [stdout]     | ^^^^^^^^^^^^^^^^^^^^^^^^^^
[INFO] [stdout] ...
[INFO] [stdout] 147 | impl Plus<usize> for int64 {
[INFO] [stdout]     | ^^^^^^^^^^^^^^^^^^^^^^^^^^
[INFO] [stdout] help: try using a fully qualified path to specify the expected types
[INFO] [stdout]     |
[INFO] [stdout] 135 |         let res = *self + <i64 as Into<T>>::into((rhs as i64));
[INFO] [stdout]     |                           +++++++++++++++++++++++            ~
[INFO] [stdout] 
[INFO] [stdout] 
[INFO] [stdout] error[E0284]: type annotations needed
[INFO] [stdout]    --> src/sundries.rs:135:40
[INFO] [stdout]     |
[INFO] [stdout] 135 |         let res = *self + (rhs as i64).into();
[INFO] [stdout]     |                         -              ^^^^
[INFO] [stdout]     |                         |
[INFO] [stdout]     |                         type must be known at this point
[INFO] [stdout]     |
[INFO] [stdout]     = note: cannot satisfy `<sundries::int64 as std::ops::Add<_>>::Output == sundries::int64`
[INFO] [stdout] help: try using a fully qualified path to specify the expected types
[INFO] [stdout]     |
[INFO] [stdout] 135 |         let res = *self + <i64 as Into<T>>::into((rhs as i64));
[INFO] [stdout]     |                           +++++++++++++++++++++++            ~
[INFO] [stdout] 
[INFO] [stdout] 
[INFO] [stdout] error[E0283]: type annotations needed
[INFO] [stdout]    --> src/sundries.rs:135:40
[INFO] [stdout]     |
[INFO] [stdout] 135 |         let res = *self + (rhs as i64).into();
[INFO] [stdout]     |                         -              ^^^^
[INFO] [stdout]     |                         |
[INFO] [stdout]     |                         type must be known at this point
[INFO] [stdout]     |
[INFO] [stdout] note: multiple `impl`s satisfying `sundries::int64: std::ops::Add<_>` found
[INFO] [stdout]    --> src/sundries.rs:140:1
[INFO] [stdout]     |
[INFO] [stdout] 140 | impl Plus<int64> for int64 {
[INFO] [stdout]     | ^^^^^^^^^^^^^^^^^^^^^^^^^^
[INFO] [stdout] ...
[INFO] [stdout] 147 | impl Plus<usize> for int64 {
[INFO] [stdout]     | ^^^^^^^^^^^^^^^^^^^^^^^^^^
[INFO] [stdout] help: try using a fully qualified path to specify the expected types
[INFO] [stdout]     |
[INFO] [stdout] 135 |         let res = *self + <i64 as Into<T>>::into((rhs as i64));
[INFO] [stdout]     |                           +++++++++++++++++++++++            ~
[INFO] [stdout] 
[INFO] [stdout] 
[INFO] [stdout] error[E0283]: type annotations needed
[INFO] [stdout]    --> src/sundries.rs:199:28
[INFO] [stdout]     |
[INFO] [stdout] 199 |         &(self.0).0 == rhs.try_into().expect("overflow")
[INFO] [stdout]     |                     --     ^^^^^^^^
[INFO] [stdout]     |                     |
[INFO] [stdout]     |                     type must be known at this point
[INFO] [stdout]     |
[INFO] [stdout]     = note: multiple `impl`s satisfying `&i64: PartialEq<_>` found in the `core` crate:
[INFO] [stdout]             - impl<A, B> PartialEq<&B> for &A
[INFO] [stdout]               where A: PartialEq<B>, A: ?Sized, B: ?Sized;
[INFO] [stdout]             - impl<A, B> PartialEq<&mut B> for &A
[INFO] [stdout]               where A: PartialEq<B>, A: ?Sized, B: ?Sized;
[INFO] [stdout] help: try using a fully qualified path to specify the expected types
[INFO] [stdout]     |
[INFO] [stdout] 199 |         &(self.0).0 == <&usize as TryInto<T>>::try_into(rhs).expect("overflow")
[INFO] [stdout]     |                        +++++++++++++++++++++++++++++++++   ~
[INFO] [stdout] 
[INFO] [stdout] 
[INFO] [stdout] error[E0283]: type annotations needed
[INFO] [stdout]    --> src/sundries.rs:199:28
[INFO] [stdout]     |
[INFO] [stdout] 199 |         &(self.0).0 == rhs.try_into().expect("overflow")
[INFO] [stdout]     |                     --     ^^^^^^^^
[INFO] [stdout]     |                     |
[INFO] [stdout]     |                     type must be known at this point
[INFO] [stdout]     |
[INFO] [stdout]     = note: multiple `impl`s satisfying `&i64: PartialEq<_>` found in the `core` crate:
[INFO] [stdout]             - impl<A, B> PartialEq<&B> for &A
[INFO] [stdout]               where A: PartialEq<B>, A: ?Sized, B: ?Sized;
[INFO] [stdout]             - impl<A, B> PartialEq<&mut B> for &A
[INFO] [stdout]               where A: PartialEq<B>, A: ?Sized, B: ?Sized;
[INFO] [stdout] help: try using a fully qualified path to specify the expected types
[INFO] [stdout]     |
[INFO] [stdout] 199 |         &(self.0).0 == <&usize as TryInto<T>>::try_into(rhs).expect("overflow")
[INFO] [stdout]     |                        +++++++++++++++++++++++++++++++++   ~
[INFO] [stdout] 
[INFO] [stdout] 
[INFO] [stdout] error: aborting due to 3 previous errors
[INFO] [stdout] 
[INFO] [stdout] 
[INFO] [stdout] Some errors have detailed explanations: E0283, E0284.
[INFO] [stdout] 
[INFO] [stdout] For more information about an error, try `rustc --explain E0283`.
[INFO] [stdout] 
[INFO] [stdout] error: aborting due to 3 previous errors
[INFO] [stdout] 
[INFO] [stdout] 
[INFO] [stdout] Some errors have detailed explanations: E0283, E0284.
[INFO] [stdout] 
[INFO] [stdout] For more information about an error, try `rustc --explain E0283`.
[INFO] [stdout] 
[INFO] [stderr] error: could not compile `asm_sim` (bin "asm_sim") due to 4 previous errors
[INFO] [stderr] warning: build failed, waiting for other jobs to finish...
[INFO] [stderr] error: could not compile `asm_sim` (bin "asm_sim" test) due to 4 previous errors
[INFO] running `Command { std: "docker" "inspect" "d508adabbe42fe4304fab51a22c9e4943baf39078cfc6c9e7b227bad03243675", kill_on_drop: false }`
[INFO] running `Command { std: "docker" "rm" "-f" "d508adabbe42fe4304fab51a22c9e4943baf39078cfc6c9e7b227bad03243675", kill_on_drop: false }`
[INFO] [stdout] d508adabbe42fe4304fab51a22c9e4943baf39078cfc6c9e7b227bad03243675
